{"id":2374,"date":"2025-07-17T08:44:14","date_gmt":"2025-07-17T07:44:14","guid":{"rendered":"https:\/\/africa-digital.com\/2025\/?page_id=2374"},"modified":"2025-07-17T08:46:52","modified_gmt":"2025-07-17T07:46:52","slug":"secure-identity-alliance","status":"publish","type":"page","link":"https:\/\/africa-digital.com\/2025\/secure-identity-alliance\/","title":{"rendered":"Secure Identity Alliance"},"content":{"rendered":"<div id=\"cs-content\" class=\"cs-content\"  ><div id=\"x-section-1\" class=\"x-section\" style=\"margin: 0px;padding: 45px 0px; background-color: transparent;\"  ><div class=\"x-container max width\" style=\"margin: 0px auto;padding: 0px;\"  ><div  class=\"x-column x-sm x-1-3\" style=\"padding: 0px;opacity: 0; transform: translate(-45px, 0); transition-duration: 750ms;\" data-x-element=\"column\" data-x-params=\"{&quot;fade&quot;:true}\"  data-fade=\"true\"><hr  class=\"x-gap\" style=\"margin: 5px 0 0 0;\"><img decoding=\"async\"  class=\"x-img x-img-thumbnail\"  src=\"https:\/\/africa-digital.com\/2025\/wp-content\/uploads\/2025\/07\/SIA_Colour-600x400-1.gif\" ><a  class=\"x-btn x-btn-regular x-btn-block\"  href=\"https:\/\/africa-digital.com\/2025\/partners\/\"     data-options=\"thumbnail: ''\"><i  class=\"x-icon mvn mln mrs x-icon-hand-o-right\" data-x-icon-o=\"&#xf0a4;\" aria-hidden=\"true\"><\/i>Back to Partners<\/a><\/div><div  class=\"x-column x-sm x-2-3\" style=\"padding: 0px;opacity: 0; transform: translate(45px, 0); transition-duration: 750ms;\" data-x-element=\"column\" data-x-params=\"{&quot;fade&quot;:true}\"  data-fade=\"true\"><div class=\"x-text cs-ta-justify\"  ><p>The Secure Identity Alliance (ITU A.5 organization), a globally recognized not-for-profit, unites public and private, industry and government entities, fostering collaboration, helping shape policy, disseminating best practices, and providing technical guidance. Our commitment to innovation and equitable market dynamics through interoperability underscores our mission to unlock identity&#8217;s full potential, facilitating individual, economic, and societal thriving. Central to our vision for digital transformation is the promotion of secure, inclusive, and privacy-respecting identity systems and credentials. More information at <a href=\"https:\/\/www.secureidentityalliance.org\" target=\"_blank\" rel=\"noopener\">www.secureidentityalliance.org<\/a>.<\/p>\n<p>The SIA has developed OSIA, an international standard set of interfaces (APIs) that enables seamless connectivity between building blocks of the identity management ecosystem \u2013 independent of technology, solution architecture or vendor.\u00a0 More information at <a href=\"https:\/\/www.osia.io\" target=\"_blank\" rel=\"noopener\">www.osia.io<\/a>.<\/p>\n<p>La Secure Identity Alliance, une association \u00e0 but non lucratif mondialement reconnue, rassemble des entit\u00e9s publiques et priv\u00e9es, industriels et gouvernements, favorisant la collaboration, contribuant \u00e0 fa\u00e7onner les politiques, diffusant les meilleures pratiques et fournissant des recommandations techniques. Notre engagement pour l&#8217;innovation et les dynamiques de march\u00e9 bas\u00e9es sur l&#8217;interop\u00e9rabilit\u00e9 souligne notre mission de lib\u00e9rer le plein potentiel de l&#8217;identit\u00e9 pour l&#8217;\u00e9panouissement individuel, \u00e9conomique et social. Au c\u0153ur de notre vision de la transformation num\u00e9rique se trouve la promotion de syst\u00e8mes d&#8217;identit\u00e9 et de documents s\u00e9curis\u00e9s, inclusifs et respectueux de la vie priv\u00e9e. Plus d\u2019information sur <a href=\"https:\/\/www.secureidentityalliance.org\" target=\"_blank\" rel=\"noopener\">www.secureidentityalliance.org<\/a>.<\/p>\n<p>La SIA a d\u00e9velopp\u00e9 OSIA, une norme internationale d&#8217;interfaces (API) qui permet une connectivit\u00e9 transparente entre les blocs constitutifs de l&#8217;\u00e9cosyst\u00e8me de gestion des identit\u00e9s &#8211; ind\u00e9pendamment de la technologie, de l&#8217;architecture de la solution ou du fournisseur. Plus d&#8217;informations sur <a href=\"https:\/\/www.osia.io\" target=\"_blank\" rel=\"noopener\">www.osia.io<\/a>.<\/p>\n<\/div><\/div><\/div><\/div><\/div>\n","protected":false},"excerpt":{"rendered":"","protected":false},"author":1,"featured_media":2375,"parent":0,"menu_order":0,"comment_status":"closed","ping_status":"closed","template":"","meta":{"footnotes":""},"yoast_head":"<!-- This site is optimized with the Yoast SEO plugin v24.4 - https:\/\/yoast.com\/wordpress\/plugins\/seo\/ -->\n<title>Secure Identity Alliance - Digital Government Africa 2025<\/title>\n<meta name=\"robots\" content=\"index, follow, max-snippet:-1, max-image-preview:large, max-video-preview:-1\" \/>\n<link rel=\"canonical\" href=\"https:\/\/africa-digital.com\/2025\/secure-identity-alliance\/\" \/>\n<meta property=\"og:locale\" content=\"en_US\" \/>\n<meta property=\"og:type\" content=\"article\" \/>\n<meta property=\"og:title\" content=\"Secure Identity Alliance - Digital Government Africa 2025\" \/>\n<meta property=\"og:url\" content=\"https:\/\/africa-digital.com\/2025\/secure-identity-alliance\/\" \/>\n<meta property=\"og:site_name\" content=\"Digital Government Africa 2025\" \/>\n<meta property=\"article:modified_time\" content=\"2025-07-17T07:46:52+00:00\" \/>\n<meta property=\"og:image\" content=\"https:\/\/africa-digital.com\/2025\/wp-content\/uploads\/2025\/07\/SIA_Colour-600x400-1.gif\" \/>\n\t<meta property=\"og:image:width\" content=\"600\" \/>\n\t<meta property=\"og:image:height\" content=\"400\" \/>\n\t<meta property=\"og:image:type\" content=\"image\/gif\" \/>\n<meta name=\"twitter:card\" content=\"summary_large_image\" \/>\n<meta name=\"twitter:label1\" content=\"Est. reading time\" \/>\n\t<meta name=\"twitter:data1\" content=\"2 minutes\" \/>\n<script type=\"application\/ld+json\" class=\"yoast-schema-graph\">{\"@context\":\"https:\/\/schema.org\",\"@graph\":[{\"@type\":\"WebPage\",\"@id\":\"https:\/\/africa-digital.com\/2025\/secure-identity-alliance\/\",\"url\":\"https:\/\/africa-digital.com\/2025\/secure-identity-alliance\/\",\"name\":\"Secure Identity Alliance - Digital Government Africa 2025\",\"isPartOf\":{\"@id\":\"https:\/\/africa-digital.com\/2025\/#website\"},\"primaryImageOfPage\":{\"@id\":\"https:\/\/africa-digital.com\/2025\/secure-identity-alliance\/#primaryimage\"},\"image\":{\"@id\":\"https:\/\/africa-digital.com\/2025\/secure-identity-alliance\/#primaryimage\"},\"thumbnailUrl\":\"https:\/\/africa-digital.com\/2025\/wp-content\/uploads\/2025\/07\/SIA_Colour-600x400-1.gif\",\"datePublished\":\"2025-07-17T07:44:14+00:00\",\"dateModified\":\"2025-07-17T07:46:52+00:00\",\"breadcrumb\":{\"@id\":\"https:\/\/africa-digital.com\/2025\/secure-identity-alliance\/#breadcrumb\"},\"inLanguage\":\"en-US\",\"potentialAction\":[{\"@type\":\"ReadAction\",\"target\":[\"https:\/\/africa-digital.com\/2025\/secure-identity-alliance\/\"]}]},{\"@type\":\"ImageObject\",\"inLanguage\":\"en-US\",\"@id\":\"https:\/\/africa-digital.com\/2025\/secure-identity-alliance\/#primaryimage\",\"url\":\"https:\/\/africa-digital.com\/2025\/wp-content\/uploads\/2025\/07\/SIA_Colour-600x400-1.gif\",\"contentUrl\":\"https:\/\/africa-digital.com\/2025\/wp-content\/uploads\/2025\/07\/SIA_Colour-600x400-1.gif\",\"width\":600,\"height\":400},{\"@type\":\"BreadcrumbList\",\"@id\":\"https:\/\/africa-digital.com\/2025\/secure-identity-alliance\/#breadcrumb\",\"itemListElement\":[{\"@type\":\"ListItem\",\"position\":1,\"name\":\"Home\",\"item\":\"https:\/\/africa-digital.com\/2025\/\"},{\"@type\":\"ListItem\",\"position\":2,\"name\":\"Secure Identity Alliance\"}]},{\"@type\":\"WebSite\",\"@id\":\"https:\/\/africa-digital.com\/2025\/#website\",\"url\":\"https:\/\/africa-digital.com\/2025\/\",\"name\":\"Digital Government Africa 2025\",\"description\":\"Africa\u2019s Digital Ministerial Summit\",\"potentialAction\":[{\"@type\":\"SearchAction\",\"target\":{\"@type\":\"EntryPoint\",\"urlTemplate\":\"https:\/\/africa-digital.com\/2025\/?s={search_term_string}\"},\"query-input\":{\"@type\":\"PropertyValueSpecification\",\"valueRequired\":true,\"valueName\":\"search_term_string\"}}],\"inLanguage\":\"en-US\"}]}<\/script>\n<!-- \/ Yoast SEO plugin. -->","yoast_head_json":{"title":"Secure Identity Alliance - Digital Government Africa 2025","robots":{"index":"index","follow":"follow","max-snippet":"max-snippet:-1","max-image-preview":"max-image-preview:large","max-video-preview":"max-video-preview:-1"},"canonical":"https:\/\/africa-digital.com\/2025\/secure-identity-alliance\/","og_locale":"en_US","og_type":"article","og_title":"Secure Identity Alliance - Digital Government Africa 2025","og_url":"https:\/\/africa-digital.com\/2025\/secure-identity-alliance\/","og_site_name":"Digital Government Africa 2025","article_modified_time":"2025-07-17T07:46:52+00:00","og_image":[{"width":600,"height":400,"url":"https:\/\/africa-digital.com\/2025\/wp-content\/uploads\/2025\/07\/SIA_Colour-600x400-1.gif","type":"image\/gif"}],"twitter_card":"summary_large_image","twitter_misc":{"Est. reading time":"2 minutes"},"schema":{"@context":"https:\/\/schema.org","@graph":[{"@type":"WebPage","@id":"https:\/\/africa-digital.com\/2025\/secure-identity-alliance\/","url":"https:\/\/africa-digital.com\/2025\/secure-identity-alliance\/","name":"Secure Identity Alliance - Digital Government Africa 2025","isPartOf":{"@id":"https:\/\/africa-digital.com\/2025\/#website"},"primaryImageOfPage":{"@id":"https:\/\/africa-digital.com\/2025\/secure-identity-alliance\/#primaryimage"},"image":{"@id":"https:\/\/africa-digital.com\/2025\/secure-identity-alliance\/#primaryimage"},"thumbnailUrl":"https:\/\/africa-digital.com\/2025\/wp-content\/uploads\/2025\/07\/SIA_Colour-600x400-1.gif","datePublished":"2025-07-17T07:44:14+00:00","dateModified":"2025-07-17T07:46:52+00:00","breadcrumb":{"@id":"https:\/\/africa-digital.com\/2025\/secure-identity-alliance\/#breadcrumb"},"inLanguage":"en-US","potentialAction":[{"@type":"ReadAction","target":["https:\/\/africa-digital.com\/2025\/secure-identity-alliance\/"]}]},{"@type":"ImageObject","inLanguage":"en-US","@id":"https:\/\/africa-digital.com\/2025\/secure-identity-alliance\/#primaryimage","url":"https:\/\/africa-digital.com\/2025\/wp-content\/uploads\/2025\/07\/SIA_Colour-600x400-1.gif","contentUrl":"https:\/\/africa-digital.com\/2025\/wp-content\/uploads\/2025\/07\/SIA_Colour-600x400-1.gif","width":600,"height":400},{"@type":"BreadcrumbList","@id":"https:\/\/africa-digital.com\/2025\/secure-identity-alliance\/#breadcrumb","itemListElement":[{"@type":"ListItem","position":1,"name":"Home","item":"https:\/\/africa-digital.com\/2025\/"},{"@type":"ListItem","position":2,"name":"Secure Identity Alliance"}]},{"@type":"WebSite","@id":"https:\/\/africa-digital.com\/2025\/#website","url":"https:\/\/africa-digital.com\/2025\/","name":"Digital Government Africa 2025","description":"Africa\u2019s Digital Ministerial Summit","potentialAction":[{"@type":"SearchAction","target":{"@type":"EntryPoint","urlTemplate":"https:\/\/africa-digital.com\/2025\/?s={search_term_string}"},"query-input":{"@type":"PropertyValueSpecification","valueRequired":true,"valueName":"search_term_string"}}],"inLanguage":"en-US"}]}},"_links":{"self":[{"href":"https:\/\/africa-digital.com\/2025\/wp-json\/wp\/v2\/pages\/2374"}],"collection":[{"href":"https:\/\/africa-digital.com\/2025\/wp-json\/wp\/v2\/pages"}],"about":[{"href":"https:\/\/africa-digital.com\/2025\/wp-json\/wp\/v2\/types\/page"}],"author":[{"embeddable":true,"href":"https:\/\/africa-digital.com\/2025\/wp-json\/wp\/v2\/users\/1"}],"replies":[{"embeddable":true,"href":"https:\/\/africa-digital.com\/2025\/wp-json\/wp\/v2\/comments?post=2374"}],"version-history":[{"count":3,"href":"https:\/\/africa-digital.com\/2025\/wp-json\/wp\/v2\/pages\/2374\/revisions"}],"predecessor-version":[{"id":2380,"href":"https:\/\/africa-digital.com\/2025\/wp-json\/wp\/v2\/pages\/2374\/revisions\/2380"}],"wp:featuredmedia":[{"embeddable":true,"href":"https:\/\/africa-digital.com\/2025\/wp-json\/wp\/v2\/media\/2375"}],"wp:attachment":[{"href":"https:\/\/africa-digital.com\/2025\/wp-json\/wp\/v2\/media?parent=2374"}],"curies":[{"name":"wp","href":"https:\/\/api.w.org\/{rel}","templated":true}]}}